 common divisor of x and 1104.
48
Let a(m) = m**3 - 29*m**2 + 206*m + 76. Let h be a(17). What is the greatest common factor of 2585 and h?
55
Suppose -4*d + 8 = r, 0*r + 2*r - 8 = -4*d. Suppose 0 = i - d + 2. Let n be 165/(1*(i - (1 - 2))). Calculate the highest common factor of 15 and n.
15
Suppose -5*s + 12 + 118 = -2*y, -4*y + 4 = s. Calculate the highest common factor of s and 376.
8
Let l = 1823 - 1684. Calculate the greatest common factor of 7367 and l.
139
Suppose -4*p + 100 = -f, -22*p - 50 = -24*p + 4*f. Let h(l) = l**2 - 2*l - 14. Let b be h(6). What is the highest common factor of b and p?
5
Let d be (1008/(-60) + 6)/(10/(-25)). Suppose 5*f = -0*f + 15. Calculate the greatest common factor of f and d.
3
Suppose -5*w + 3*s = -665, 7*s - 8*s + 125 = w. Let v be (104/w)/((-2)/(-225)). Calculate the highest common divisor of 50 and v.
10
Let h be (15/3 + 22688/128)*(-16)/(-3). What is the greatest common factor of 4 and h?
4
Suppose -675 = 5*l + 5*m, m + 411 = -2*l - l. Let b = l - -146. Let c(g) = -g**2 - 9*g + 10. Let v be c(-7). Calculate the greatest common factor of b and v.
8
Suppose 10*f - 5*f = 50. Suppose f*h - 9 = 7*h. Suppose -4*v - h*a = v - 93, 2*v - 30 = -3*a. Calculate the greatest common factor of v and 42.
21
Suppose -55*l = -57*l - 136. Let s = -2 - l. Let q(u) = u**3 - u**2 - 3*u - 3. Let d be q(3). What is the greatest common factor of s and d?
6
Suppose 0 = -2*c - 3*l - 0*l + 6, -15 = c - 3*l. Suppose 27*t + 462 - 3 = 0. Let f = c - t. What is the greatest common divisor of f and 98?
14
Let o(b) = -16 - b - 9 - 2*b + 4. Let l be o(-7). Suppose l = -d + 5. What is the greatest common factor of d and 2?
1
Suppose -y + 4*a + 140 = 0, 4*y + 12*a - 665 = 13*a. Calculate the highest common divisor of y and 1192.
8
Let k(o) = 6*o**2 + 2*o + 4. Suppose 2*p - 6*p = -52. Suppose -p = 2*v - 19. Let i be k(v). Calculate the highest common factor of 16 and i.
16
Suppose -4*x = -3*z + 11738, 4*z - 4*x - 15144 - 504 = 0. What is the greatest common factor of 68 and z?
34
Suppose 34 = 3*y - 32. Let o be (y/8)/(17/68). Let f = -219 + 307. Calculate the highest common divisor of f and o.
11
Let j be 4/(-12)*-9 - (-162)/3. Suppose 53*x = j*x - 140. What is the greatest common factor of 10 and x?
5
Let d(q) = -7*q - 183. Let l be d(-28). Suppose -31 = -2*p + l. Calculate the highest common factor of 946 and p.
22
Let f(q) = -31*q + 841. Let r be f(30). Let d = -105 + 60. Let o = d - r. What is the highest common divisor of o and 66?
22
Suppose -423*u = -404*u - 6156. Calculate the highest common factor of u and 1701.
81
Suppose 2*s - 228 = 512. Suppose -2*j = -7*j + 5*v + s, -226 = -3*j + 4*v. Calculate the highest common factor of j and 20.
10
Let g(u) = -17*u**3 + 2*u + 1. Let f(l) = 0*l**2 + 15 - 6*l + 16*l + l**2. Let z be f(-8). Let j be g(z). Calculate the highest common factor of j and 32.
16
Suppose 2*t - 50 = 4*x, 2*t + 3*x = -0*t + 36. Suppose -33*g + 32*g = -4. Suppose -g*n + 28 = -0*n. What is the highest common divisor of n and t?
7
Suppose 0 = -5*m + 147 - 47. Suppose y - j = 724, 4*j = -j + m. Let s be 6/(-27) + y/36. What is the greatest common factor of s and 60?
20
Suppose -19*n + 18*n = -b - 381, 1911 = 5*n + b. Let i = n + -380. What is the greatest common divisor of 58 and i?
2
Let p(s) = s**2 - 22*s + 21. Suppose -9*r + 60 = -228. Let v be p(r). Calculate the greatest common divisor of v and 11.
11
Suppose 0 = 4*t - 3*q - 5108, 0 = 4*t + t - 2*q - 6392. Calculate the highest common factor of t and 40.
40
Let l(r) = -r + 6. Let g be l(-6). Let t = -3580 - -3604. What is the greatest common factor of t and g?
12
Suppose 9*q - 108 = -9. Let o(l) = -l + 8. Let u be o(8). Suppose u = p - 5*g - 26 - 142, -3*g = 4*p - 557. What is the greatest common factor of q and p?
11
Let r be 1 - -23*(1 - 3). Let y = r - -229. Suppose -3*z + 2*z - 2*m + 29 = 0, 0 = 4*z + 3*m - 101. Calculate the highest common factor of y and z.
23
Suppose 0 = 3*w + 32 + 307. Let o = -53 - w. Let x = o + -36. Calculate the greatest common factor of x and 32.
8
Let d = 52 - 85. Let f = -27 + -81. Let q = d - f. What is the greatest common divisor of 30 and q?
15
Let v(a) be the first derivative of a**2/2 + 198*a - 227. Let q be v(-28). Let w be 342/5 + 2/(-5). Calculate the highest common factor of q and w.
34
Let b = -176 - -185. Let c(f) = -3*f + 3. Let m be c(9). Let z = m + 69. Calculate the highest common divisor of z and b.
9
Suppose 0 = 2*k + 23 + 67. Let b = k - -46. Let z be 6 + 12 - 2*b. What is the greatest common divisor of 40 and z?
8
Suppose 128*k = 105*k + 57868. What is the greatest common divisor of k and 1924?
148
Let h be (-25)/(-10)*(2 + (-86)/(-5)). What is the highest common divisor of h and 30?
6
Let o(a) = a**2 + 19*a + 15. Let d be o(-18). Let z be -3 - (d/(-2) - 70/20). Let n be (-2 + 2 + z)/((-1)/5). Calculate the highest common divisor of 50 and n.
5
Suppose 0*z - 35 = c - 2*z, 0 = -5*c + 5*z - 155. Let k = -23 - c. Let i be 102/(-20)*-4 + k/(-10). What is the highest common factor of i and 5?
5
Let h = 5325 + -5321. Calculate the greatest common divisor of h and 202.
2
Suppose 5*j + 89 - 84 = 0, -670 = -5*s - 5*j. What is the highest common factor of 27 and s?
27
Let f be 24/(-21)*14/(-4). Suppose -560 = -8*r + 152. Suppose f*p = r - 41. Calculate the highest common divisor of 6 and p.
6
Let g = 75 - 71. Let j be 55/(-7) + g*(-5)/140. Let a be ((-84)/j)/((-12)/128*-4). Calculate the greatest common factor of 14 and a.
14
Suppose 5*a + 2*c + 97 = 0, 0 = 3*a + 3*c + 88 - 28. Let p = a + 25. Suppose -112 = -p*q - 2*q. Calculate the greatest common divisor of q and 4.
2
Suppose -5*z = 4*s + 23 - 8, 0 = 4*z + 5*s + 21. Let i be (6/4)/(z/100). What is the greatest common factor of 50 and i?
50
Let c(f) = f**3 + f**2 - f + 2. Let u be c(0). Let i be (1 - 0)/((27/(-18))/(-3)). Let k be (0 + -4)/(4/(-36)*i). What is the highest common divisor of u and k?
2
Let h be (-2)/(-6) - 32/(-12). Suppose -12 = -h*w + 6. Suppose -8*p + w*p = a - 16, 5*a - 52 = 4*p. What is the greatest common factor of 4 and a?
4
Let b(h) = 7*h - 54. Let d be b(11). Let o be ((5 - d) + 0)*-1. Calculate the highest common divisor of 36 and o.
18
Suppose -13*z + 11*z = -3*v + 10, 3*z + 6 = 0. Let d be v - (6 - 14)*1. Calculate the greatest common divisor of d and 890.
10
Let c(a) = 13*a**2 - a + 2. Let m be c(-2). Suppose -3*n + 209 - 23 = h, 5*h - 4*n - 816 = 0. Calculate the highest common factor of m and h.
56
Suppose 109*b - 109947 + 1787 = -211*b. Let z(a) = 27*a**3 - 2*a**2 + a. Let m be z(1). What is the greatest common divisor of m and b?
26
Let n(j) = -28*j - 165. Let d be n(14). Let o = -347 - d. Calculate the greatest common divisor of 84 and o.
42
Suppose -5*w + k = 3*k + 36, 0 = 5*k - 10. Let d(i) = -26*i - 3 + 7 - i**3 - 11*i**2 - 3. Let o be d(w). Calculate the highest common divisor of o and 17.
17
Let h be 55/77 + (-233060)/(-301). Suppose 0 = -6*i + 2*i + 100. What is the highest common divisor of i and h?
25
Suppose -4*p + 5*p - 15 = 0. Suppose 4*l - 8 = 5*x + 41, 0 = 3*x + p. Let i be l/(-8) - 17281/(-44). Calculate the greatest common divisor of 56 and i.
56
Let j be 2/(-5) - 1/(45/(-1302))*9. What is the greatest common factor of j and 80?
20
Suppose -o + 60 = 2*q + 198, 0 = 5*o + 3*q + 662. Let y = 160 + o. What is the greatest common divisor of y and 105?
15
Let u(g) = -5*g**2 + 17*g - 33. Let t(a) = -a**2 - 1. Let l(n) = -6*t(n) + u(n). Let s be l(9). Calculate the greatest common divisor of s and 9.
9
Suppose 79*m - 78*m = -r + 35, 15 = r + 3*m. Let c(k) = -k**3 + 9*k**2 + 8*k - 8. Let v be c(8). Calculate the highest common factor of v and r.
15
Suppose -3*z - 49 = -1015. Suppose y + 3*o - 30 = 74, -y + 3*o + 80 = 0. Calculate the greatest common factor of y and z.
46
Suppose -5718 = -4*s - 3*g, -11*s + 6*s + 7165 = -5*g. Calculate the greatest common factor of s and 108.
27
Suppose -6*k - 870 + 198 = 0. Let l = k - -273. Calculate the greatest common factor of l and 46.
23
Suppose 0 = 16*i - 27*i + 44. Suppose -3*z - 8 = -5*z. Calculate the greatest common factor of i and z.
4
Let p(n) = -n**2 - 137*n - 3904. Let k be p(-89). Calculate the highest common factor of 2898 and k.
46
Suppose 0 = -2*s - 3*u + 14, -2*s - u + 18 = -0*